e 5*r - 1683 = 2*v, -2*r + 3*r - 3*v = 334. Suppose 4*x - 4561 + r = -4*l, -l = -x - h. Is l composite?
False
Is 2*4364/8 + -9 + 5 a prime number?
True
Let q = 12 + -13. Let d be 24/6 - (-4)/q. Suppose -4*w + 54 + 214 = d. Is w prime?
True
Let n = 540 - 224. Let w = 561 + n. Is w prime?
True
Let k = -16 - -15. Let q be -9 - -4 - k - -2935. Suppose q = 4*c - c. Is c composite?
False
Let b(r) = 3*r**3 - 2*r**2 + r + 2. Let i be b(-1). Let l be (-51)/(-12) + i/16. Suppose 0 = -l*c - c + 395. Is c prime?
True
Let f = 162 + -123. Is f prime?
False
Let s = -939 - -3674. Is s composite?
True
Let g = 8707 - 6128. Is g a composite number?
False
Let h(b) = 896*b**2 + 8*b - 7. Is h(2) composite?
False
Suppose 4*x + 4*y + 100724 = 0, -x = -2*y + 17112 + 8081. Is 1/4*-1 - x/20 a prime number?
True
Let x(w) be the third derivative of 71*w**5/60 - w**4/24 + 5*w**3/6 + 9*w**2. Is x(3) a prime number?
True
Let n = -8 + 27. Let u = n + -25. Is 1060/(-30)*u/4 prime?
True
Let h(c) = 34914*c + 131. Is h(2) a composite number?
False
Let v = 391 - 205. Suppose -2*k - v = -2. Let x = k + 205. Is x a prime number?
True
Suppose -22*l + 23705 = -11*l. Is l a prime number?
False
Suppose -471*c + 498*c = 135. Let x(l) = 2*l**2 + l + 1. Let a be x(-1). Suppose 0*i + c*b - 1574 = -a*i, 3*i = -b + 2361. Is i prime?
True
Suppose -17 = -4*n - k, -n + 4*k = -k + 22. Suppose -n*q - 9580 = -5*q. Is (q/(-20))/((-1)/2) composite?
False
Let d(x) be the first derivative of 136*x**3/3 + x**2/2 + 6. Let a be d(-2). Let o = a - 277. Is o a composite number?
True
Let z(s) = 2*s**2 + 8*s + 8. Let n be z(-6). Suppose 5*k = 2*b - 10, 5*b - n + 7 = -k. Suppose -2*y + k*y = -502. Is y a prime number?
True
Suppose 2*x - 5*y + 0*y - 10 = 0, -5*y - 10 = -3*x. Suppose x = -a + 5*a + 328. Let w = 175 + a. Is w composite?
True
Let n = 19 + -13. Let y be (7146/12)/(3/4). Suppose 8*a - y = n*a. Is a a composite number?
False
Is (3/((-27)/(-18)))/((-4)/(-9962)) prime?
False
Suppose 2*i - 2 = a + 6, i + 3*a - 11 = 0. Let b(c) = -c - 15. Let o be b(i). Let q(l) = -l**3 - 20*l**2 - 8*l + 1. Is q(o) a prime number?
False
Let i = 11 - 11. Suppose i = k + k. Suppose -3*x + 4 = u, 5*u + k*x + 2*x = 33. Is u a prime number?
True
Let c be (-1361)/(-2)*4/2. Suppose -h = -0*h - c. Is h composite?
False
Suppose -2*c - f = 3*f - 2368, 0 = 2*f + 2. Suppose -2*l + c = -i - 2*i, 2*l - i = 1178. Is l prime?
True
Let w(o) = -5*o - 88. Let v be w(-18). Suppose 0 = -i - 817 + 3396. Suppose u + 3644 = 5*n - 2814, u = -v*n + i. Is n composite?
False
Let h = -309 - -1547. Suppose -4*z + 6*z = h. Is z composite?
False
Suppose -4*x + 68 = -1316. Is x prime?
False
Let m(k) = -k**3 - 7*k**2 - 5*k - 6. Let r be m(-6). Let l = r + -2. Let d = l + 51. Is d prime?
True
Let d = 7 - 4. Is 12/d - (-18 - 3) a prime number?
False
Suppose -72 - 23 = i. Suppose -18*p + 408 = -16*p. Let f = i + p. Is f a composite number?
False
Let f(z) be the second derivative of z**4/4 - 29*z**3/6 + 33*z**2/2 + 11*z. Is f(23) prime?
True
Let s = -966 - -2875. Is s prime?
False
Let w = 16869 + 3980. Is w a composite number?
False
Let k = -753 + 1849. Suppose -p - k = -3609. Is p prime?
False
Let c = -897 - -13978. Is c a composite number?
True
Suppose -3*z + j + 23154 = 0, -6*z + j + 15437 = -4*z. Is z a prime number?
True
Let x(s) be the first derivative of -7*s**4/4 + s**2 - s - 83. Let d = -7 + 5. Is x(d) prime?
False
Suppose 5*g - 606 = -46. Let j = 179 - 8. Let n = j - g. Is n composite?
False
Suppose 7*k - 761 - 226 = 0. Suppose -17 = -z + k. Is z composite?
True
Suppose 0 = v - 4*g - 52, 0 = -2*v + 2*g - g + 97. Let m be -1 + 2 + 0 + v. Suppose w = 108 + m. Is w a composite number?
False
Let j = -7199 + 12328. Suppose 3*s - j - 1642 = 0. Is s a prime number?
False
Let i(k) = 3*k**2 + 1. Let l be i(-1). Let y be 2/2 + 16/l. Suppose 3*b = -c + 572 + 658, 3*c - 2046 = -y*b. Is b prime?
False
Suppose -37*v - 215894 = -51*v. Is v a prime number?
False
Let o(q) = -q**2 + 2*q + 238. Let b be o(0). Let j(w) = -8 + b*w + 7 + 39*w - 1. Is j(3) prime?
True
Let b(h) = -h + 6. Let y be b(5). Is 422/4*(y - -3) composite?
True
Let y be -2 + (-1011)/(-15) - (-6)/10. Suppose 4*b - 9 = -4*n + n, -b = -2*n + 6. Suppose b = -5*s - 2*f - f + y, 3*s - 30 = -5*f. Is s a composite number?
True
Let k(w) = -981*w + 40. Is k(-13) a prime number?
False
Let i be 9/18 + 98/(-4). Let d = 24 + i. Suppose d = 3*l - 147 - 138. Is l a composite number?
True
Let k(x) = -4*x + 16. Let o be k(-8). Let b = 71 - o. Is b prime?
True
Let m(n) = -222*n + 7. Let g(t) = -443*t + 13. Let c(d) = -2*g(d) + 5*m(d). Is c(-7) composite?
True
Let n = 2779 + -1904. Let f = 0 - 0. Suppose -5*o - 3*r + 486 + n = f, 4*o = r + 1099. Is o a prime number?
False
Let o be 2/4*-9*2. Let v = 10 + o. Is 50 + (v - -4) + -2 composite?
False
Suppose -2*i + 2 = -14. Let t(l) = -l**3 + 9*l**2 + 9*l + 3. Is t(i) a prime number?
True
Suppose -3*w - 3*s + 15 = 129, s = 4*w + 147. Let r be (2 + 2)*148/8. Let x = r + w. Is x a composite number?
False
Let r be 0 - (0/(-2) + -2). Suppose -2*a - 4 = r*w, 5*a - 4*w = a + 24. Is (2761/(-55))/(a/(-10)) a composite number?
False
Let x(m) = -m**2 + 4*m + 2. Let y be x(4). Is (y/4 - 1)*-538 a composite number?
False
Let x be 17 - (-5)/((-5)/4). Let m = 5 - x. Is ((-4)/m)/(3/2238) composite?
False
Suppose 0 = d + 5*b - 9219, 2*b - 3372 - 33432 = -4*d. Is d prime?
True
Let k(l) be the third derivative of l**5/60 - l**4/4 - l**3/3 - 5*l**2. Let h be k(7). Suppose 0 = h*o + 10, 3 + 8 = j - 2*o. Is j prime?
True
Suppose -17043 = -5*o + 2672. Is o a prime number?
True
Let n(f) = -48*f - 35. Let v be n(-10). Let r be (-3)/(-2 + -1) - -3. Suppose -v = -b - r*b. Is b a composite number?
False
Suppose -918553 + 247103 = -50*r. Is r a prime number?
False
Suppose -8*b - 3660 = -9*b. Is (-7)/((-63)/b) + 1/3 prime?
False
Let o be (6 - 4) + 2/(-1). Suppose 4*t = -i + 87, 4*t + 174 = -o*i + 2*i. Let a = i - 10. Is a prime?
False
Is (-4 + 83573/28)/(2/8) a prime number?
True
Suppose -20 = 2*o + 3*o, -28 = 3*z + o. Is 867 - (8 + z/2) a prime number?
True
Let t be 50*-1*(-7 + -4). Let v = -65 + t. Is v a prime number?
False
Let v = 50 + -44. Is ((-3)/v)/((-1)/286) composite?
True
Let u = 17635 - 9282. Is u prime?
True
Let t be (-18)/(-2)*(-1)/((-12)/(-8)). Is 148 - (2 - 4)/(4/t) a composite number?
True
Let n be (-18)/(-81) + (-112)/18. Let s be n/21 - (-32)/14. Suppose s*a + 2*t = -a + 283, -182 = -2*a - 3*t. Is a prime?
True
Let c(o) = -9*o**2 + 3*o + 5. Let u be c(-5). Let h = -130 - u. Suppose 0*x + h = 5*x. Is x a composite number?
True
Let f(s) = -158*s**3 - 2*s**2 - 5*s - 4. Let u be f(-3). Suppose 0 = 3*x + 2*p - 6371, -x + p + u = x. Is x a composite number?
True
Suppose 15 - 9 = -2*m. Let n be (m - -1)/((-6)/7191). Suppose 0 = -2*o + 4*s + 950, -3*o + n = 2*o + s. Is o prime?
True
Let o(h) be the second derivative of -92*h**3/3 + 29*h**2/2 + 39*h. Is o(-11) a prime number?
True
Let r = -9 - -13. Suppose -w = -2*j + j, 2 = 5*j - r*w. Suppose 0 = -2*q - j*q + 1060. Is q a prime number?
False
Suppose 3*g + 2*z = 5*z + 12, 4*g + 3*z = 9. Let v = 1 + g. Suppose -v*y + 813 = -y. Is y a prime number?
True
Suppose 2*p + 18751 = 3*h, 0 = 4*h + 2*p - p - 24983. Is h a prime number?
True
Let b(r) = r**3 + 19*r**2 + 19*r + 1. Let o be b(-18). Let p(v) = v**3 + 25*v**2 + 42*v + 5. Is p(o) a prime number?
False
Suppose 0*l + 3*l = -3*b + 78, -3*b + 3*l + 66 = 0. Suppose -3 - 29 = 5*r - 2*d, r = -4*d - b. Let v(i) = 2*i**2 + 9*i + 3. Is v(r) a composite number?
False
Let f = -298 - 23. Let t(j) = -64*j + 1. Let x be t(2). Let z = x - f. Is z a composite number?
True
Let b(c) = 8*c**2 - 4*c**2 - 6*c**2 - 10*c + 9 + 3*c**2. Let m be b(9). Suppose 0 = -m*q - 2*q + 114. Is q a prime number?
False
Suppose -188 = 4*z - 1360. Let c = z - 155. Is c/4 - 2/(-4) a composite number?
True
Let v = 3622 + -1913. Is v composite?
False
Let q = -26 + 23. Is (q - -4)*787*1 a prime number?
True
Let i(g) = 4*g**2 + 2*g. Suppose 0 = -5*b + 4*b - 5*y - 32, -4*y = 5*b + 55. Let h be i(b). Suppose 0 = -17*v + 19*v - h. Is v composite?
True
Let x(s) = s**3 + 2*s**2 + 2*s - 2. Let k be x(-9). Is k/(2/2)*-1 a composite number?
False
Let a = 1 - 0. Let o(y) = 243*y + 11. Let s(j) = 122*j + 5. Let z(l) = -6*o(l) + 13*s(l). Is z